6/8.
2, 5
Let t(l) = l**3 + 21*l**2 + 29*l - 11. Let r(n) = -2*n**3 - 10*n**2 + 9*n**2 + 2*n**3 - n**3 - n. Let d(g) = 2*r(g) + t(g). List the prime factors of d(20).
3, 43
Let j = 315 - 245. Let b = 151 - j. What are the prime factors of b?
3
What are the prime factors of (22565/10 + 8)/((-2)/(-4)*1)?
7, 647
Suppose -13*g = -17*g + 1444. List the prime factors of 128/(-80)*(g/(-1) + 1).
2, 3
Suppose 4*c - 48972 = 3*m + 18783, -3*c + 50818 = -2*m. List the prime factors of c.
2, 3, 353
Let o(d) = 1260*d + 3911. List the prime factors of o(55).
179, 409
Let v = -1554 - -2960. What are the prime factors of v?
2, 19, 37
What are the prime factors of 39410/5 + -10 + -1 + 0?
17, 463
Suppose -2*l + 4*l - 4*o = 8, -2*l - 4*o + 8 = 0. Suppose -4*q - 216 = -l*f + f, 0 = 2*f - 4*q - 144. Suppose -a = -11 - f. What are the prime factors of a?
83
Let y(k) = k**3 - 3*k**2 + 6*k - 4. Let f be y(2). Suppose 0 = 3*t - 3*j + 115 + 194, -410 = f*t - 2*j. Let c = 156 + t. What are the prime factors of c?
2, 3
Let f(v) = 50*v - 348. List the prime factors of f(9).
2, 3, 17
Suppose 2*b = 7*b. Let q(n) = 9*n + 9*n - 19*n + 99. What are the prime factors of q(b)?
3, 11
Let k(y) be the second derivative of -y**5/20 + 19*y**4/12 + 5*y**3 - 2*y**2 - 44*y. List the prime factors of k(17).
2, 271
Let g = 30687 + -10264. List the prime factors of g.
13, 1571
Let z be ((-18)/(-12))/(2/(-4)). Let c be (-139 + 33)/(-1 - 5/z). List the prime factors of 1 - (c + (3 - -1)).
2, 3, 13
Suppose -i + 2*i = 2. Suppose 0 = 2*t + t + 5*q - 2070, -3*t = i*q - 2061. Suppose -5*x - d = -t, -59 = -x - d + 78. What are the prime factors of x?
137
List the prime factors of 4223043/90 + 35 + -2*9/(-60).
2, 53, 443
Suppose -p = 8*r - 7*r + 88, 2*r + 3*p = -180. List the prime factors of ((-2126)/(-12))/((-14)/r).
1063
Let n = -50 - -55. Suppose 0 = -5*m - f + 639, -n*m + 4*f + 0*f = -644. Suppose 2*b - o + 27 = 105, 0 = 3*b + 4*o - m. List the prime factors of b.
2, 5
Let p(q) = -3*q. Let f(h) = -24*h + 92. Let i(o) = f(o) + 24*p(o). What are the prime factors of i(-7)?
2, 191
Let t(q) = 2666*q**2 - 32*q - 21. What are the prime factors of t(3)?
3, 7, 379
Suppose -609229 + 353794 = -25*a + 355690. List the prime factors of a.
5, 4889
Suppose 3*h - 7114 = -2*x, 2*h + 3*h = -x + 11866. List the prime factors of h.
2, 1187
Suppose 108864 = 3*p - 3*i, p + 12*i - 15*i = 36300. List the prime factors of p.
2, 3, 6047
Let s be ((-4)/8 - (-25)/(-2))/(-1). Let q = 23 + s. Suppose q = 2*i - i. What are the prime factors of i?
2, 3
Suppose 4*y - 9*d + 7*d - 26470 = 0, 2*d = y - 6607. What are the prime factors of y?
3, 2207
Let h(j) = 14*j**2 - 5*j + 13. Let k(o) = -4*o**2 + o - 3. Let g(i) = -2*h(i) - 9*k(i). Suppose 0*p + 6 = 2*p. List the prime factors of g(p).
2, 19
Suppose -m + 8*m = 14. Suppose -2*h = -m*v + 5 + 11, -h = 5*v - 52. What are the prime factors of (-12)/v*1785/(-34)?
3, 7
Suppose -3*i - 14 = -47. Suppose 25*o - 5250 = i*o. What are the prime factors of o?
3, 5
Let o(q) = -25*q + 9. Let j = -21 - -15. Let r be o(j). Suppose 3*w + 3*a + r = 687, -174 = -w + a. List the prime factors of w.
5, 7
Let r(k) = k**3 - 9*k**2 + 9*k - 5. Let a be r(3). Let q = a + 36. Let y(s) = -s**2 + 2*s + 18. What are the prime factors of y(q)?
2, 5
Suppose -3*m + g - 28 = 0, 10*g - 7*g - 36 = 3*m. What are the prime factors of (-2630)/m + (-6 - 125/(-20))?
7, 47
Let a(c) = 1 + 7*c**2 + 18*c**2 + 35*c + 6*c - 8 - 2. List the prime factors of a(-6).
3, 5, 43
Let o be (-4)/(-30) + 1378/15. Let c = o - 92. Suppose c*u = -2*u + 106. List the prime factors of u.
53
Suppose -86*b = -91*b - 5*t + 19670, -t = -4. What are the prime factors of b?
2, 3, 5, 131
Let s = -525 + 849. Suppose s - 3390 = -14*m. List the prime factors of m.
3, 73
Suppose 3*k + 4656 = -9*k. Let x = k - -708. List the prime factors of x.
2, 5
Suppose 459*o + 22498 = 461*o. What are the prime factors of o?
7, 1607
Suppose -5*q + 4*x + 44 = 0, -2*q - x + 28 = -0*x. Suppose -q*t + 11*t = -60. Let i = -43 + t. What are the prime factors of i?
17
Let v = 11744 + -7994. List the prime factors of v.
2, 3, 5
Let c = 345 + 9266. What are the prime factors of c?
7, 1373
Let v = 415 + -156. What are the prime factors of v + (-6 - (-4 - -4))?
11, 23
Suppose 363289 = 36*i + 101503 - 115278. List the prime factors of i.
2, 5237
Let v(f) = 9*f - 9. Let g(a) = 26*a - 17. Let c(s) = -4*g(s) + 11*v(s). Let i(o) = -2*o - 4. Let u be i(4). List the prime factors of c(u).
29
Let u(g) = -g**2 - 183*g + 103. List the prime factors of u(-59).
3, 2473
Suppose -84*a - 18415 = -89*a. Suppose -a - 19599 = -14*m. List the prime factors of m.
1663
Let z(u) = -28*u + 37. Let t(p) = -p**3 + p**2 + 23*p - 17. Let y be t(5). What are the prime factors of z(y)?
3, 31
What are the prime factors of (-32)/(-224) - 101582/(-14)?
2, 907
What are the prime factors of (-1074392)/(-77) - (-4)/(-28)?
3, 4651
Suppose 5*a + 17 = 52. Let v = a - 3. Suppose -3*t + 298 = v*g, -15 = 2*g - 3*t - 173. What are the prime factors of g?
2, 19
Suppose -14*f = -11*f - 28863 + 2817. What are the prime factors of f?
2, 3, 1447
Suppose -5*b + 34656 = 3*x - 15356, -4*x + 2*b = -66752. List the prime factors of x.
2, 43, 97
Let t be (132/28 - (-2)/7) + -5. Suppose t = 29*l - 15*l - 14308. List the prime factors of l.
2, 7, 73
Let b be (-1 + 3)*18/(-12). Let z(m) = 3 - 3 - 14*m + 7 + 2*m + 6. What are the prime factors of z(b)?
7
Let n(x) = -284*x + 3591. What are the prime factors of n(-28)?
7, 17, 97
Suppose 2*z = 3*o + 633, -305*z + 1611 = -300*z + 2*o. Let j(s) = 7*s**3 - 3*s - 3. Let i be j(-3). Let f = z + i. What are the prime factors of f?
2, 3, 23
Suppose 0*j = 2*j. Suppose -33 = -j*s - s. Let o = 143 - s. What are the prime factors of o?
2, 5, 11
Suppose -7*r = -25 + 4. List the prime factors of (-15)/(-10)*(0 - (-226)/r).
113
Suppose 135*s - 106*s - 538385 = 0. What are the prime factors of s?
5, 47, 79
Let v = -13 + 18. Let n(c) = -2*c**2 + 11*c + 5. Let f be n(v). Suppose -176 = -f*l + 8*l. What are the prime factors of l?
2, 11
Suppose g = -3*b + 31, 2*g = 2*b - 2*g - 2. Suppose -24 = -13*k + b*k. Let o(l) = 3*l**2 - l + 8. List the prime factors of o(k).
2, 5, 11
Let i be (-78)/4*(54 + -2). Let c = 1992 + i. List the prime factors of c.
2, 3, 163
Suppose 44990 = -45*i + 218377 + 314458. List the prime factors of i.
37, 293
What are the prime factors of (113456/(-70))/((-447)/(-45) + -10)?
2, 3, 1013
Suppose 374012 = 5*f + 66*a - 68*a, 0 = -2*f + 3*a + 149585. List the prime factors of f.
2, 113, 331
Suppose 4*z - 97803 = -3*w, 5*w - 162999 = -11*z + 5*z. List the prime factors of w.
3, 17, 71
Let h(a) = 155*a**3 - 5*a**2 + 20*a - 35. What are the prime factors of h(2)?
5, 7
Let o(w) = -5*w**2 - 19*w - 8. Let b be o(-3). Suppose -2*m = h - 1729 + 651, -b*h = 4*m - 2152. List the prime factors of m.
2, 3, 5
Suppose 0 = 2*j - 9151 - 6053. What are the prime factors of j?
2, 3, 7, 181
Let i(o) = 2*o + 4. Let h be 2/(-4) - (2 - (-25)/(-10)). Suppose 0 = 3*q - 5*x + 2, -5*q - 2*x + 0 + 7 = h. List the prime factors of i(q).
2, 3
Suppose 5*q - 4*v - 1635 = 0, 5*q - 832 = -5*v + 848. Let f = q + 39. What are the prime factors of f?
2, 5, 37
Let f(a) = a**3 - 28*a**2 - 75*a + 4. Let j be f(29). Let l = j - -2499. What are the prime factors of l?
7, 167
Suppose -232*v + 19009302 = 67*v + 5432011. List the prime factors of v.
7, 13, 499
Let d = -123 + 121. Let a be (410*12/18)/(d/12). What are the prime factors of (a/(-30))/(1/3)?
2, 41
Let o = -876 + 536. Let g be (-55)/22*8/60*-9. What are the prime factors of (28/10)/((-1024)/o - g)?
2, 7, 17
Let a = -96918 - -165046. What are the prime factors of a?
2, 2129
Let p(y) = 17*y**3 - 180*y**2 + 107*y + 176. Let z(i) = 6*i**3 - 60*i**2 + 36*i + 59. Let d(b) = 4*p(b) - 11*z(b). List the prime factors of d(30).
5, 7, 29
Suppose -22*w = -189*w - 182*w + 1076316. What are the prime factors of w?
2, 3, 257
Let i be -5*5/25*9. List the prime factors of 1925/3 - (75/(-9) - i).
641
Let f = 3514 + -1608. Let p = f - 1307. Suppose 0 = 4*z + 8, -5*z + 4*z - p = -3*a. What are the prime factors of a?
199
Let t(x) = 24*x**2 + 21*x - 177. What are the prime factors of t(-20)?
3, 3001
Suppose -32684 + 97826 = 23*l - 2*l. List the prime factors of l.
2, 3, 11, 47
Le